mainder when -71*(1 + -2)/1 is divided by 15 - l*(-9 + 6).
17
Suppose -5*k - 9 = 5*l + 16, 5*l + 22 = -2*k. Let a = -21 + 104. What is the remainder when a is divided by (9 + 627/(-44))*(k - 3)?
20
Let a = -442 - -446. Suppose 0 = -2*t - 2*t + d + 557, a*t = -5*d + 551. What is the remainder when t is divided by 24?
19
Let u be (-81)/6*(-16)/3. Suppose 5*q = 8*q - u. Suppose -20*v + 2*x + 184 = -16*v, 0 = -v + x + 47. Calculate the remainder when v is divided by q.
21
Let v = 20030 + -19714. What is the remainder when 836 is divided by v?
204
Let j = -59 + 170. Suppose -j*m + 114*m - 573 = 0. What is the remainder when m is divided by 64?
63
What is the remainder when 170 is divided by 8/(-12) + 656/12?
8
Let g(w) = 16*w - 1003. What is the remainder when 703 is divided by g(74)?
160
Suppose -x - 2655 = -5*q + x, -3*q - x + 1582 = 0. Calculate the remainder when q is divided by (-369)/(-144)*16 - (-5 + 2 + 6).
35
Calculate the remainder when 90/(13/((-1248)/(-36))) is divided by 72.
24
Let y = -3534 + 5621. Suppose y = 14*n - 1133. Calculate the remainder when n is divided by 21.
20
Let s(w) = 5*w - 33. Let f = -82 - -88. Let y be s(f). Let j = 2 - y. Calculate the remainder when j is divided by 1.
0
Calculate the remainder when (0 - 3921/(-9)) + (-23)/3 + 7 is divided by 134.
33
Let k(y) = 4 - 3 - y**3 + 1 + 6 - 13*y**2. Suppose -z - z = g + 15, 5*z = g + 8. Calculate the remainder when 13 is divided by k(g).
5
Suppose 29*q = -4*i + 24*q + 94, 0 = -5*q - 30. Suppose -2*j + 2*h + 599 = 3*j, -4*h = -5*j + 593. What is the remainder when j is divided by i?
28
Let m(c) = -c**3 - 23*c**2 + 46*c + 163. What is the remainder when 1063 is divided by m(-25)?
11
Let v = 7366 + -7320. Let p = 375 + -196. What is the remainder when p is divided by v?
41
Suppose t = -4*h + 6064, 128*t - 3060 = -2*h + 124*t. Calculate the remainder when h is divided by 191.
177
Let f(u) = 2*u**3 + 27*u**2 - 7*u - 19. Let j(x) = 2*x**2 - 8*x - 23. Calculate the remainder when f(-13) is divided by j(-4).
36
Suppose -53*b + 44*b = -585. Calculate the remainder when 714 is divided by b.
64
Let q be (-15)/21 - 6/21. Suppose 58*c - 39*c = 152. What is the remainder when 55 is divided by 1*(-3 - 1)*q + c?
7
Let g = -5850 - -5871. What is the remainder when 642 is divided by g?
12
Let h(w) be the third derivative of 1/24*w**4 + 0*w**3 + 4/15*w**5 + 0 - 28*w**2 + 0*w. What is the remainder when 132 is divided by h(-1)?
12
What is the remainder when 7423 is divided by (-22)/187 - (1260/(-17) + -5)?
76
Let s(u) = u**3 - u. Let x(w) = -4*w**3 + 7*w**2 + 14*w - 1. Let j(r) = 5*s(r) + x(r). What is the remainder when 52 is divided by j(-4)?
8
Let u = -98 + 82. Let o be (3 - u/12) + 2/3. Let i = o + 30. What is the remainder when 102 is divided by i?
32
Let y = -669 + 671. Suppose 11*v - 2*z = 12*v - 23, 2*v - y*z = 76. What is the remainder when 159 is divided by v?
27
Suppose -107*r = -15*r - 368. Calculate the remainder when 989 is divided by r.
1
Suppose -16*r = 7*r - 1633. What is the remainder when 1502 is divided by r?
11
Let m(f) = -62*f**3 - 4*f**2 + 5*f. Let b be m(2). Let s = -481 - b. Calculate the remainder when s is divided by 8.
5
Let u(i) = -4*i**2. Suppose 0 = -g + 1 - 2. Let z be u(g). Let q(a) = 2*a**2 + 7*a + 10. What is the remainder when 40 is divided by q(z)?
12
Let k(y) = -35*y**3 + 2*y**2. Let x be k(1). Let q be 19/3 + 44/x. Suppose -q*r + 4*r = -u - 14, 0 = 2*u + 6. Calculate the remainder when 31 is divided by r.
9
Let i = -21893 + 21956. What is the remainder when 155 is divided by i?
29
Suppose 5*z + 3 = f - 30, f - 5 = -2*z. Let y(t) = -4*t + 27. Let v be (10 - 4/(-2))/((-2)/(-1)). Calculate the remainder when f is divided by y(v).
1
Let q be (-2)/(-11) - (-37869)/143. Let w = q + -180. Suppose 23 = 6*t - w. Calculate the remainder when 34 is divided by t.
16
Let r(i) = -34*i + 1469. Calculate the remainder when r(37) is divided by 29.
8
Suppose -217 - 284 = -18*h + 3. Let u(a) = 35*a + 3. Suppose 4 = 2*y - 2. Calculate the remainder when u(y) is divided by h.
24
Suppose -4 = -2*a + 2. Let f(o) = o**2. Let l(q) = -3*q**2 - q - 2. Let k(x) = 3*f(x) - l(x). What is the remainder when k(a) is divided by 12?
11
Suppose -3*q + 10 = 1. Suppose -3*m - 48 - 69 = -5*t, 72 = 4*t + q*m. Suppose 0 = j - t + 8. What is the remainder when j is divided by 7?
6
Let x(q) be the first derivative of -q**3/3 - 13*q**2/2 + 24*q - 6. What is the remainder when x(-11) is divided by (-5)/(2/(-4) + (0 - 0))?
6
Let l = 748 - 743. Let g be (1 - 1)/(-1) - -52. Suppose -g = l*m - 9*m. Calculate the remainder when 61 is divided by m.
9
Let i be (8 + -13 + 4)/((-1)/9). Let w be 88/(-6)*7*i/42. Let f = w + 94. Calculate the remainder when f is divided by 13.
7
Suppose -6*b + 14*b = 1376. Let i = 8353 + -8324. Calculate the remainder when b is divided by i.
27
Suppose 108*v = -v + 61367. What is the remainder when v is divided by 47?
46
Suppose -4*a - 5*y = -3*y - 458, -3*a = 6*y - 321. What is the remainder when 374 is divided by a?
23
Let c be 84/(-28)*(-4)/3. Suppose o - 117*b = -120*b + 34, c*o - 118 = -3*b. Calculate the remainder when o is divided by (0 + -1)*1*-11.
6
Let z(i) be the first derivative of i**2/2 + 31*i + 9. Suppose -6*r - 77 = -113. Calculate the remainder when z(r) is divided by 19.
18
Let l = 190 - 178. What is the remainder when 2567 is divided by l?
11
Let o = -421 + 419. What is the remainder when (-2553)/4*(-24)/(-36)*o is divided by 57?
53
Suppose 4*u = -4*d + 24, u - 5*u - 8 = 0. Let g(m) = -6*m**3 - m**2 + 3*m + 9. Calculate the remainder when g(-2) is divided by d.
7
Let u be ((-36)/21)/((-10)/175). Calculate the remainder when 304 is divided by ((-27)/u)/((-4)/40).
7
Let j(f) be the third derivative of -f**6/60 + f**5/12 + 5*f**4/24 + 13*f**3/6 - 17*f**2 + 3. Calculate the remainder when j(-4) is divided by 34.
31
Suppose 0 = -3*u + 6*c - 7*c + 70, -2*c - 100 = -4*u. Suppose -p - 3*y = -124, 2*p - u*y - 284 = -21*y. What is the remainder when p is divided by 12?
4
Calculate the remainder when 524 is divided by 116/2 - ((-258)/2709 - 214/(-42)).
47
Let g = 207 - 201. Calculate the remainder when 87 is divided by 3*470/g*(-13)/(-65).
40
Suppose -3*y + 4*v = 85, 4*v = -5*y - 176 + 13. Let g be (y/2)/(1/(-2)). Let c = g - 26. What is the remainder when c is divided by 3?
2
Calculate the remainder when 1118 is divided by 1/(7/3902) - 3000/7000.
4
Let z(k) = 2 - k - 1 - 4. Let d = 1316 + -1333. What is the remainder when 41 is divided by z(d)?
13
Suppose b - 192 = -3*o - 0*o, 0 = 4*b + 12. Suppose 28*r - 265 = 211. What is the remainder when o is divided by r?
14
Let t = -19 + 21. Calculate the remainder when -1 - (-20 - (3 - t)) is divided by 1026/78*1 + (-7)/((-455)/(-10)).
7
Let v = 120 + -89. Let n = 309 - 187. Let g = n + v. Calculate the remainder when g is divided by 31.
29
Let j(r) = 7*r - 20. Let g be j(2). Let c(i) = 5*i + 60. Calculate the remainder when c(g) is divided by 17.
13
Let i = -3261 - -4306. Calculate the remainder when i is divided by 22.
11
Suppose -2*q + 5*c - 4 = 0, 5*c - 32 = -2*q + c. Let h = -8 + q. Suppose 3*r - 8 - 22 = h. What is the remainder when 17 is divided by r?
7
Suppose 62*n = 54*n + 1672. Suppose -6*c = -299 + n. Let t = -91 + 132. Calculate the remainder when t is divided by c.
11
Let z = -3302 + 3359. What is the remainder when 130 is divided by z?
16
Let n(v) = -v**2 + 20. Let f be n(0). Suppose 0 = 2*l - 3*l + f. Suppose -6*o + 216 = 30*o. What is the remainder when l is divided by o?
2
Let r be 2/(-2) + 1 + 21. Let y = 35 - r. Suppose -y = -4*x + 10. What is the remainder when 26 is divided by x?
2
Let k = 3840 + -2599. What is the remainder when k is divided by 22?
9
Let d be 5 - (23 - -128)/(1/(-4)). Suppose 7*k - 1708 - d = 0. Calculate the remainder when k is divided by 84.
79
Suppose -2*k = -4*k + 48. Suppose -239*t + 769 = 40 - 466. What is the remainder when k is divided by t?
4
Let s be 16/(-28) - 51/21 - -74. Suppose -i - 3*i = r - 76, -3*i = 4*r - 57. Let l = i + s. Calculate the remainder when l is divided by 19.
14
Let p(w) = -27*w - 748. What is the remainder when p(-44) is divided by 88?
0
Suppose -29*z + 40024 = 8443. What is the remainder when z is divided by 342?
63
Suppose 0*t + 15 = 5*t. Suppose